inder when n is divided by q.
25
Calculate the remainder when 206 is divided by ((-18)/60*5 - 2)*-6.
17
Suppose -2*f - 2 = l - 2*l, 5*f = 0. Let o = -31 + 19. Let k(x) = -x**3 - 12*x**2 + 2*x + 28. Calculate the remainder when k(o) is divided by l.
0
Let f(s) = -s**3 + 95*s**2 + 180*s + 1362. What is the remainder when 2627 is divided by f(97)?
3
Suppose -11*f + 16*f - 15 = 0. Suppose -f*u + 2*z = 16, 2*u + u = -z - 1. Calculate the remainder when 38 is divided by (-2 + 4 - u) + 6.
8
Let g = -4153 - -4276. Calculate the remainder when 1852 is divided by g.
7
Let s = 20 + -53. What is the remainder when 417 is divided by (-456)/s - 4/(-22)?
11
Let a = 230 + -199. Calculate the remainder when a is divided by 13.
5
Let r = 9 - -7. Let i be ((-8)/44)/((-15)/165). Suppose 2*z - 233 = -3*t, 0 = -i*t + 3*z + 58 + 93. What is the remainder when t is divided by r?
13
Let c = -20301 - -23072. What is the remainder when c is divided by 21?
20
Suppose -4*f = 5*j - 943 + 280, f - 657 = -5*j. Suppose 5*q - 63 = 3*u, -q + 5*u + 53 = 3*q. What is the remainder when j is divided by q?
11
Let s = -4298 - -4320. What is the remainder when 1187 is divided by s?
21
Let h(f) = 57*f**2 + 18*f - 33. Calculate the remainder when h(2) is divided by 166.
65
Suppose 4587*k - 5202*k + 146985 = 0. Calculate the remainder when k is divided by (3/(-4))/(1/(-16)).
11
Let o = -313 + 313. Suppose -2*t + 5*w - 7*w + 2 = o, 0 = -t + 4*w + 16. Calculate the remainder when (7*-1)/(1 + -2) is divided by t.
3
Suppose 0 = 3*y - 3*i - 834, -17*y + 1117 = -13*y + i. What is the remainder when y is divided by 60?
39
Let j(u) = 10*u**2 + 5*u + 16. Suppose 3*r + b + 3 = 16, 0 = -5*r + 4*b + 16. Calculate the remainder when j(r) is divided by 71.
54
Suppose 0 = -y - 3*s + 8, 5*s + 55 = 5*y - 5. Calculate the remainder when 20 is divided by y.
9
Suppose 2*a + 5*o - 9 = 0, -5*o - 3 = -0*a - 4*a. Let v(b) = 20*b - 26. Calculate the remainder when 81 is divided by v(a).
11
Let l(b) = -17*b**3 - 3*b**2 - 2*b + 4. Suppose 0 = -7*n + 3*n + 108. Calculate the remainder when l(-2) is divided by n.
24
Suppose 4*z = a + 126 - 477, 2*a + 10 = 0. Let k = -41 - z. What is the remainder when 44077/187 + 90/306 is divided by k?
44
Suppose 290*p - 379*p + 2848 = 0. What is the remainder when 32 is divided by p?
0
Let o = 170 + -93. Suppose 5 = -8*y + o. Suppose -3*i + 5*l + 41 = -0*l, -5*i - 3*l = -91. What is the remainder when i is divided by y?
8
Let i = -288 - -310. What is the remainder when (-1 + -11)*(40/(-3))/4 is divided by i?
18
Suppose 3*k + 36 = 2*r, 2*k - 40 = -r - 3*r. Suppose -5*v - r*s + 10*s = -520, 4*s = 2*v - 184. What is the remainder when v is divided by 14?
4
Suppose -36*n + 5890 = 59*n. What is the remainder when 337 is divided by n?
27
Suppose 324 = p + 3*p. Let q(u) = -349*u + 238. What is the remainder when q(0) is divided by p?
76
Let h(u) = -u**2 - 16*u - 16. Suppose 27 = 4*l - 5. Let k(g) = 5*g - 30. What is the remainder when h(-11) is divided by k(l)?
9
Let c = -772 - -873. What is the remainder when 295 is divided by c?
93
Let d = -2028 - -3377. What is the remainder when d is divided by 26?
23
Suppose -4*a - 81 = 75. Let p = -39 - a. Suppose 0 = -2*o + s + 39, -4*s + p*s = -o + 23. Calculate the remainder when 75 is divided by o.
18
Calculate the remainder when 1080 is divided by 4/36 - 215710/(-990).
208
What is the remainder when 1325 is divided by 36/(-2) + (-2730)/(-78)?
16
Let c = -88 - -165. Let l = c - 31. Calculate the remainder when l is divided by (128/(-32))/(10*-1)*60.
22
Calculate the remainder when 2516 is divided by (-126)/4*1080/405*(-2)/1.
164
Let q = 438 - 417. What is the remainder when -3*(-316)/(-24)*-2 is divided by q?
16
Let z = -181749 + 181782. Calculate the remainder when ((-5)/5)/(1/(-61)) is divided by z.
28
Let r = -23934 + 25059. What is the remainder when r is divided by 15?
0
Suppose -18*b = -16*b + 146. Let y = b - -128. Let z = 79 - y. What is the remainder when 45 is divided by z?
21
Let w = -365 - -517. Let a = w + -107. What is the remainder when a is divided by 8?
5
Suppose 0 = 3*s - 40*v + 44*v - 915, -3*s - 3*v + 909 = 0. Calculate the remainder when s is divided by 141.
15
Suppose -2*p + f = -208, 4*p - 494 = -2*f - 62. Let m(h) = -514*h + 15956. What is the remainder when p is divided by m(31)?
18
Suppose -9*d - 1344 = -5*l - 12*d, 1074 = 4*l + 2*d. Let q = -86 + 116. What is the remainder when l is divided by q?
27
Let u(a) = a**3 - 8*a**2 + 9*a + 10. Let p = -35634 - -35670. Calculate the remainder when p is divided by u(7).
12
Let v(f) be the first derivative of -f**2 - 26*f + 50. Let n be (0 - 1)/((-2)/(-32)). What is the remainder when 8 is divided by v(n)?
2
Suppose 31*s - 2*w = 36*s - 4680, -3737 = -4*s - 3*w. What is the remainder when s is divided by 34?
20
Suppose 0 = x - 2*v - 251 - 233, -3*x - 3*v + 1488 = 0. Calculate the remainder when x is divided by 14.
2
Calculate the remainder when 2 + 1 + ((-728)/(-2) - (-1 + 2)) is divided by 35.
16
Let v(d) = -6*d + 19. Let w be v(3). Let a(o) = 12*o**2 - 3*o + 1. Calculate the remainder when a(w) is divided by 8.
2
Let s be (456/(-32))/((-3)/8). Suppose -l = -3*g - 0*l + s, 3*l - 18 = -2*g. Let y(t) = 34*t**2 - t + 2. Calculate the remainder when y(1) is divided by g.
11
Suppose 4*f = -8*f + 10*f + 1526. Calculate the remainder when f is divided by 26.
9
Suppose 3*r = -4*b + 16398, 17*r - 16*r + b - 5463 = 0. What is the remainder when r is divided by 21?
15
Let h(l) = -12*l - 76. Suppose 4*d - 36 = -n, -d + n + 9 = -0*n. Calculate the remainder when h(-8) is divided by d.
2
Let j be (1 - -1)*(-100)/(-40). Suppose 0 = j*a - 2*n - 773, a + 0*a - 3*n - 152 = 0. Calculate the remainder when a is divided by 54.
47
Suppose 0 = 5*j + 16 - 206. Let g = 439 - 401. Suppose 0 = 3*y - 68 + g. Calculate the remainder when j is divided by y.
8
Let l be (12 - (0 + 4))/(8/20). Suppose x - 5*t - 26 = 0, 0 = l*x - 21*x + 3*t + 34. Calculate the remainder when x is divided by 13.
7
Let l = 97 - 51. Suppose 16*n - 1279 = 833. Calculate the remainder when n is divided by l.
40
Suppose -4*m - 1747 = -7*n - 6*m, -3*n + 2*m + 743 = 0. What is the remainder when n is divided by 36?
33
Let z(j) = j**3 + 5*j**2. Let d be z(-5). Suppose 7*m + 3*w - 248 = 3*m, -5*w - 20 = d. What is the remainder when m is divided by 6?
5
Suppose -638*s = -642*s - 176. Let x = -22 - s. Calculate the remainder when 40 is divided by x.
18
Suppose 5*x - 28 - 72 = -4*y, -5*x = -3*y - 65. Let p be (-192)/36*(1 - (-74)/4). Let a = p - -131. Calculate the remainder when a is divided by x.
11
Let d(y) = -23*y + 2116. Calculate the remainder when d(29) is divided by 6.
3
Let u = 52096 + -52066. What is the remainder when -34*-3*1 + -1 is divided by u?
11
Let x be 4/(-3)*12/8. What is the remainder when 3 - (-41 - 3 - x) is divided by (-43)/(-2) + 333/(-74)?
11
Let k = -2704 - -2862. Calculate the remainder when k is divided by 17.
5
Let o = 12890 - 12865. What is the remainder when 596 is divided by o?
21
Let f be (1 - 0) + (-4)/2. Let j(o) = 4*o**2 + o + 1. Let c be j(f). What is the remainder when (-5646)/(-42) + c/7 is divided by 34?
33
Suppose 3*o - b - 1019 = 0, -64*o - 5*b = -69*o + 1685. What is the remainder when o is divided by 72?
53
Suppose 6*z = 3*z - 3*s - 939, z = 5*s - 331. Let f = z - -428. Calculate the remainder when f is divided by 25.
12
Let j be (1 + 5)/((-3)/8). Suppose 2*r + 192 = 5*r. Calculate the remainder when r is divided by 12/j + 945/28.
31
Let f be 13/78 + ((-8491)/(-6))/(-7). Let q = f + 225. Calculate the remainder when 73 is divided by q.
4
Let k = 287 + -207. Suppose -6*c + 226 = -k. What is the remainder when 145 is divided by c?
43
Let p be 16 + -11 - 397*2. Let u = -746 - p. What is the remainder when u is divided by 9?
7
Suppose 178*s - 15561 = -1499. Calculate the remainder when 684 is divided by s.
52
Suppose -2*t + 10292 = 2*k, -3*t + 6868 = k + 1732. Calculate the remainder when k is divided by 92.
91
What is the remainder when -4958*(-1 + (-1)/(-2))*(-2 - -3) is divided by 31?
30
Let d = -2684 + 2839. Calculate the remainder when d is divided by 32.
27
Let o = 98 + -48. Calculate the remainder when ((-1 + 5)/(-4))/(-2)*o is divided by (21/(-12))/(6/(-48)).
11
What is the remainder wh